964 is divided by 212.
208
Calculate the remainder when 16331 is divided by 495.
491
Calculate the remainder when 3501 is divided by 73.
70
What is the remainder when 76568 is divided by 3190?
8
What is the remainder when 1970617 is divided by 94?
1
What is the remainder when 1317 is divided by 174?
99
What is the remainder when 4241 is divided by 539?
468
What is the remainder when 194184 is divided by 15?
9
Calculate the remainder when 23985 is divided by 2380.
185
Calculate the remainder when 34246 is divided by 6.
4
Calculate the remainder when 3037 is divided by 377.
21
What is the remainder when 369 is divided by 81?
45
What is the remainder when 131566 is divided by 28?
22
Calculate the remainder when 31194 is divided by 15586.
22
What is the remainder when 195949 is divided by 39189?
4
What is the remainder when 11065 is divided by 52?
41
What is the remainder when 129 is divided by 73?
56
Calculate the remainder when 16568 is divided by 319.
299
Calculate the remainder when 90742 is divided by 29.
1
What is the remainder when 5994 is divided by 16?
10
Calculate the remainder when 3109 is divided by 645.
529
Calculate the remainder when 16831 is divided by 281.
252
Calculate the remainder when 597420 is divided by 9957.
0
Calculate the remainder when 4905 is divided by 195.
30
What is the remainder when 23025 is divided by 1770?
15
Calculate the remainder when 15241 is divided by 2176.
9
Calculate the remainder when 6867 is divided by 1141.
21
Calculate the remainder when 1200 is divided by 680.
520
What is the remainder when 15384 is divided by 5060?
204
What is the remainder when 7152 is divided by 243?
105
Calculate the remainder when 318587 is divided by 31858.
7
What is the remainder when 155 is divided by 71?
13
What is the remainder when 742652 is divided by 21?
8
Calculate the remainder when 4953 is divided by 2312.
329
What is the remainder when 4143 is divided by 173?
164
What is the remainder when 36176 is divided by 13?
10
Calculate the remainder when 5558 is divided by 769.
175
Calculate the remainder when 48841 is divided by 24324.
193
What is the remainder when 6665 is divided by 372?
341
What is the remainder when 1270792 is divided by 766?
764
Calculate the remainder when 195854 is divided by 1399.
1393
What is the remainder when 40675 is divided by 19?
15
Calculate the remainder when 418041 is divided by 12.
9
What is the remainder when 325 is divided by 214?
111
Calculate the remainder when 7137 is divided by 238.
235
What is the remainder when 1048 is divided by 96?
88
What is the remainder when 1779 is divided by 31?
12
Calculate the remainder when 42719 is divided by 4745.
14
What is the remainder when 70380 is divided by 102?
0
Calculate the remainder when 1536126 is divided by 11.
9
Calculate the remainder when 871 is divided by 280.
31
What is the remainder when 85679 is divided by 418?
407
What is the remainder when 4907 is divided by 278?
181
Calculate the remainder when 1106 is divided by 799.
307
Calculate the remainder when 295180 is divided by 1426.
1424
What is the remainder when 420641 is divided by 80?
1
What is the remainder when 140957 is divided by 133?
110
What is the remainder when 335374 is divided by 137?
135
Calculate the remainder when 5113 is divided by 172.
125
Calculate the remainder when 5755 is divided by 1897.
64
What is the remainder when 4022 is divided by 15?
2
Calculate the remainder when 1844 is divided by 122.
14
What is the remainder when 776357 is divided by 62?
55
Calculate the remainder when 5811 is divided by 574.
71
Calculate the remainder when 5853 is divided by 5832.
21
What is the remainder when 5976 is divided by 237?
51
Calculate the remainder when 306999 is divided by 18.
9
Calculate the remainder when 3296 is divided by 1213.
870
Calculate the remainder when 49814 is divided by 24589.
636
Calculate the remainder when 2058138 is divided by 122.
120
What is the remainder when 12704 is divided by 6146?
412
Calculate the remainder when 16919 is divided by 5536.
311
What is the remainder when 7543 is divided by 1787?
395
What is the remainder when 30903 is divided by 1186?
67
What is the remainder when 530879 is divided by 48?
47
Calculate the remainder when 196859 is divided by 631.
618
Calculate the remainder when 39269 is divided by 70.
69
What is the remainder when 175241 is divided by 454?
451
What is the remainder when 13872 is divided by 514?
508
Calculate the remainder when 17084 is divided by 154.
144
Calculate the remainder when 25273 is divided by 2297.
6
What is the remainder when 9600 is divided by 9581?
19
Calculate the remainder when 18435 is divided by 61.
13
Calculate the remainder when 3014468 is divided by 92.
88
Calculate the remainder when 14528 is divided by 176.
96
What is the remainder when 62822 is divided by 245?
102
Calculate the remainder when 4296 is divided by 320.
136
Calculate the remainder when 1190 is divided by 348.
146
Calculate the remainder when 670020 is divided by 122.
118
Calculate the remainder when 22372 is divided by 107.
9
Calculate the remainder when 3239 is divided by 156.
119
Calculate the remainder when 11811 is divided by 1471.
43
What is the remainder when 6237 is divided by 1953?
378
What is the remainder when 51793 is divided by 97?
92
Calculate the remainder when 98920 is divided by 186.
154
What is the remainder when 1903 is divided by 22?
11
Calculate the remainder when 4946 is divided by 836.
766
Calculate the remainder when 37943 is divided by 275.
268
What is the remainder when 1463309 is divided by 687?
686
Calculate the remainder when 15550 is divided by 1940.
30
What is the remainder when 18886 is divided by 111?
16
Calculate the remainder when 37359 is divided by 541.
30
Calculate the remainder when 133397 is divided by 290.
287
Calculate the remainder when 82288 is divided by 24.
16
What is the remainder when 16565 is divided by 112?
101
Calculate the remainder when 43972 is divided by 64.
4
Calculate the remainder when 14480 is divided by 6.
2
What is the remainder when 4763 is divided by 26?
5
Calculate the remainder when 104304 is divided by 1271.
82
Calculate the remainder when 13575 is divided by 6776.
23
Calculate the remainder when 66313 is divided by 2288.
2249
Calculate the remainder when 1907 is divided by 219.
155
Calculate the remainder when 17611 is divided by 1257.
13
What is the remainder when 23501 is divided by 7799?
104
Calculate the remainder when 6281 is divided by 3111.
59
Calculate the remainder when 85572 is divided by 55.
47
What is the remainder when 3704578 is divided by 110?
108
Calculate the remainder when 34516 is divided by 1191.
1168
What is the remainder when 1601774 is divided by 135?
134
Calculate the remainder when 3483 is divided by 125.
108
What is the remainder when 54127 is divided by 18039?
10
What is the remainder when 10262 is divided by 101?
61
Calculate the remainder when 4372 is divided by 258.
244
What is the remainder when 16980 is divided by 96?
84
What is the remainder when 32173 is divided by 8014?
117
What is the remainder when 79027 is divided by 7901?
17
Calculate the remainder when 273301 is divided by 127.
124
Calculate the remainder when 1441837 is divided by 67.
64
What is the remainder when 4813 is divided by 747?
331
What is the remainder when 52852 is divided by 20?
12
Calculate the remainder when 101322 is divided by 101199.
123
Calculate the remainder when 3810 is divided by 322.
268
What is the remainder when 5290 is divided by 1037?
105
What is the remainder when 207642 is divided by 15?
12
What is the remainder when 94478 is divided by 174?
170
Calculate the remainder when 26037 is divided by 56.
53
What is the remainder when 268 is divided by 51?
13
What is the remainder when 11649 is divided by 2326?
19
Calculate the remainder when 6875 is divided by 6860.
15
Calculate the remainder when 12782 is divided by 12772.
10
Calculate the remainder when 438695 is divided by 648.
647
Calculate the remainder when 27649 is divided by 9202.
43
What is the remainder when 64070 is divided by 25?
20
Calculate the remainder when 1528 is divided by 1043.
485
What is the remainder when 4909 is divided by 2316?
277
What is the remainder when 12823 is divided 